ue
Is 2055803 a prime number?
False
Is 7942903 a composite number?
False
Is 1425157069 a prime number?
False
Is 30778403 a prime number?
False
Is 781283 composite?
False
Is 4249367 a composite number?
True
Is 27604277 a prime number?
False
Is 50859077 a prime number?
True
Is 1500463 prime?
True
Is 349360343 prime?
True
Is 2859097 a composite number?
False
Is 592843 composite?
False
Is 11914781 a prime number?
True
Is 49538431 composite?
False
Is 238711 prime?
False
Is 15995939 composite?
False
Is 339525761 a composite number?
False
Is 85889 a composite number?
False
Is 57289273 prime?
True
Is 219215257 a composite number?
False
Is 2279181 a composite number?
True
Is 63966961 composite?
False
Is 1984039 a composite number?
False
Is 189419597 a composite number?
True
Is 5981867 a composite number?
False
Is 6008153 composite?
False
Is 33434743 a composite number?
False
Is 6803657 a prime number?
False
Is 17124763 composite?
True
Is 63534959 composite?
True
Is 3626365 prime?
False
Is 276210269 a composite number?
False
Is 1159061 a composite number?
True
Is 9463471 composite?
True
Is 22750919 prime?
True
Is 248940751 a composite number?
False
Is 13304657 a composite number?
True
Is 21318485 prime?
False
Is 2367599 a composite number?
True
Is 182046967 composite?
False
Is 20319791 composite?
True
Is 7367093 prime?
False
Is 60793805 prime?
False
Is 54042853 prime?
False
Is 3417839 composite?
False
Is 5253839 a prime number?
False
Is 194388013 composite?
True
Is 9056573 a prime number?
True
Is 8293339 composite?
False
Is 65614547 a prime number?
True
Is 18351257 composite?
False
Is 24578189 a prime number?
True
Is 120919991 a prime number?
True
Is 198615973 composite?
False
Is 20672767 a prime number?
True
Is 7071163 a composite number?
True
Is 4532189 a composite number?
True
Is 45319223 composite?
True
Is 5159779 a prime number?
True
Is 100166743 a prime number?
True
Is 51378031 composite?
True
Is 69595289 composite?
False
Is 319651099 composite?
True
Is 546383041 a composite number?
False
Is 955987 a prime number?
True
Is 94205923 composite?
True
Is 26218193 prime?
False
Is 3220873 a prime number?
True
Is 3803095319 prime?
True
Is 802653 composite?
True
Is 8183471 a composite number?
True
Is 2320471 prime?
True
Is 23074901 prime?
False
Is 4298299 composite?
False
Is 560381 a prime number?
False
Is 94189 a prime number?
False
Is 19057057 prime?
False
Is 66816661 a prime number?
False
Is 35410261 a prime number?
True
Is 142698767 a composite number?
True
Is 667417 a composite number?
False
Is 15559481 composite?
True
Is 2038495 composite?
True
Is 14376317 composite?
False
Is 4431331 a composite number?
True
Is 7665635 a prime number?
False
Is 130729 composite?
False
Is 128805053 a composite number?
True
Is 20832991 composite?
True
Is 70175191 composite?
False
Is 105459203 a composite number?
False
Is 41924693 prime?
True
Is 243012811 a composite number?
False
Is 48033815 prime?
False
Is 32023439 a prime number?
False
Is 2872923 prime?
False
Is 1067593 composite?
False
Is 1651127 a prime number?
False
Is 231643367 a prime number?
False
Is 33137765 prime?
False
Is 4468223 a prime number?
False
Is 7746227 a composite number?
False
Is 303911977 prime?
True
Is 194443 composite?
False
Is 2899667 a composite number?
True
Is 59376277 a prime number?
True
Is 1325239 a composite number?
True
Is 113897923 a prime number?
False
Is 12934321 prime?
True
Is 152580607 prime?
False
Is 668683 prime?
False
Is 78727841 prime?
True
Is 3207397 a prime number?
True
Is 743893 a composite number?
True
Is 477501 composite?
True
Is 18047891 a prime number?
False
Is 1517239 composite?
False
Is 38606837 composite?
False
Is 1165133 composite?
True
Is 4853119 a prime number?
False
Is 10819643 a prime number?
True
Is 2753669 composite?
True
Is 142937383 a composite number?
True
Is 35566273 a prime number?
True
Is 2419591 prime?
False
Is 3893353 prime?
True
Is 15209531 composite?
False
Is 85049971 a prime number?
True
Is 3651913 prime?
False
Is 13985317 a prime number?
True
Is 87416629 a prime number?
False
Is 462191 composite?
False
Is 536051 a prime number?
True
Is 68461619 a composite number?
False
Is 1850939 a composite number?
False
Is 7014941 a composite number?
True
Is 27041401 a composite number?
True
Is 4336971 prime?
False
Is 221961301 composite?
False
Is 48400791 a prime number?
False
Is 4839251 a prime number?
False
Is 1505563 composite?
False
Is 28215653 composite?
False
Is 175522439 a composite number?
False
Is 297618839 a prime number?
False
Is 5903473 a composite number?
False
Is 16565863 prime?
True
Is 12562513 prime?
True
Is 43568617 a prime number?
False
Is 39542771 composite?
False
Is 4703515 composite?
True
Is 16839827 a composite number?
True
Is 212950013 composite?
False
Is 97546265 prime?
False
Is 8632699 a composite number?
False
Is 236700817 a prime number?
True
Is 4060309 a prime number?
False
Is 23276137 composite?
False
Is 2209811 prime?
True
Is 5668073 a prime number?
True
Is 1129211 prime?
True
Is 341611 composite?
True
Is 15389653 a prime number?
True
Is 4458667 a prime number?
True
Is 26167345 a prime number?
False
Is 11600249 a composite number?
True
Is 331214549 composite?
True
Is 21879667 composite?
True
Is 47249591 a composite number?
False
Is 2718799 a prime number?
True
Is 80611 prime?
True
Is 1941781721 a composite number?
True
Is 11107703 a composite number?
True
Is 69761 a composite number?
False
Is 3927337 a composite number?
False
Is 1007417 a prime number?
True
Is 281861 a composite number?
True
Is 621507563 prime?
True
Is 6934321 prime?
True
Is 18215283 composite?
True
Is 50507441 a composite number?
True
Is 5065523 composite?
True
Is 33203603 a composite number?
True
Is 5914717 a composite number?
False
Is 349291 prime?
True
Is 463759 prime?
False
Is 61447609 prime?
True
Is 66270619 a prime number?
False
Is 1998599 composite?
True
Is 1116631 a composite number?
False
Is 655379 composite?
False
Is 267292891 prime?
False
Is 672697 composite?
True
Is 7295719 a prime number?
True
Is 2867387 a composite number?
True
Is 1734221 prime?
False
Is 151620329 a prime number?
False
Is 16547407 a composite number?
False
Is 112933 composite?
True
Is 8485271 a composite number?
False
Is 2143033 prime?
False
Is 446323393 a prime number?
True
Is 160122863 a prime number?
True
Is 227239 composite?
True
Is 9290921 prime?
True
Is 893427 a prime number?
False
Is 117027181 prime?
False
Is 19391189 prime?
True
Is 144830629 a composite number?
False
Is 104067877 prime?
True
Is 5267581 a composite number?
True
Is 216434533 a composite number?
True
Is 1525326541 composite?
False
Is 2159819 a prime number?
True
Is 16868281 composite?
False
Is 26498333 a composite number?
False
Is 287191 composite?
False
Is 6307261 a composite number?
False
Is 10052635 prime?
False
Is 26837189 composite?
False
Is 112836103 a composite number?
False
Is 18631993 a prime number?
True
Is 121431821 prime?
False
Is 452735 a composite number?
True
Is 1869113 a composite number?
False
Is 183927319 composite?
False
Is 149036411 composite?
False
Is 922601 composite?
False
Is 185148839 prime?
False
Is 1299313 a composite number?
True
Is 16011109 prime?
False
Is 121352839 prime?
True
Is 57062231 a composite number?
False
Is 53400533 a prime number?
False
Is 3158179 a prime number?
False
Is 1069699 composite?
True
Is 108971179 a composite number?
True
Is 155579 a composite number?
False
Is 687203 prime?
False
Is 330449 prime?
False
Is 78128327 prime?
False
Is 2601581 a prime number?
False
Is 284945057 prime?
False
Is 61447579 prime?
True
Is 19855601 a composite number?
True
Is 181469851 prime?
False
Is 1949903 a prime number?
False
Is 710427583 a prime number?
True
Is 10433693 a prime number?
True
Is 51833827 composite?
False
Is 983021 a composite number?
True
Is 74232341 a composite number?
True
Is 25040821 a prime number?
False
Is 31091777 a prime number?
False
Is 6677129 a composite number?
False
Is 44101 prime?
True
Is 83139071 composite?
False
Is 42130993 composite?
False
Is 189499259 composite?
False
Is 2355371 prime?
False
Is 617515805 prime?
False
Is 735809 composite?
False
Is 176173423 prime?
False
Is 3750427 composite?
True
Is 37205887 prime?
True
Is 6784854641 composite?
False
